05c9
In base 13, what is 4a35a - 16?
4a344
In base 11, what is 1839 + -1354?
495
In base 15, what is -5 + 8171c1?
8171bb
In base 8, what is -775737354 - 5?
-775737361
In base 13, what is -631 - c651?
-cc82
In base 9, what is 170543 + -80?
170453
In base 9, what is -4 + 5563007?
5563003
In base 15, what is e50d - -3b?
e549
In base 6, what is -5 - -111111411?
111111402
In base 14, what is -3a17ac - -2?
-3a17aa
In base 12, what is -4 + -1681805?
-1681809
In base 15, what is 173749 - 7?
173742
In base 13, what is b1462 + 65?
b14c7
In base 9, what is 2 - -417816108?
417816111
In base 3, what is -210220221 + -10220101?
-221211022
In base 5, what is -41111 + -2224341?
-2321002
In base 15, what is 7 + -45be17?
-45be10
In base 4, what is 1010303 + 100112011?
101122320
In base 9, what is -48 + -117072?
-117131
In base 8, what is -114 - -41472153?
41472037
In base 3, what is -1021011111022 + 102?
-1021011110220
In base 16, what is -110e - 25d0?
-36de
In base 8, what is 21675 - -63?
21760
In base 10, what is 4 - -51183360?
51183364
In base 16, what is 98a7b2 + 5?
98a7b7
In base 4, what is -220013 - -2213220?
1333201
In base 8, what is -645 - -43117?
42252
In base 8, what is 4652 + 14652?
21524
In base 11, what is -5a21 + 1008?
-4a14
In base 13, what is -61 - 179a29?
-179a8a
In base 7, what is 3 - -22011366?
22011402
In base 6, what is 4 + 1343311103?
1343311111
In base 15, what is -5659 + -2041?
-769a
In base 10, what is -534613214 + -4?
-534613218
In base 11, what is -2553005 - 29?
-2553033
In base 9, what is -7625140 + 52?
-7625077
In base 14, what is 35 + -3356d1?
-33569a
In base 6, what is -504013 + -1504?
-505521
In base 16, what is -5 + -850e9fb?
-850ea00
In base 7, what is -222 + -23545501?
-23546023
In base 16, what is c - -24218e?
24219a
In base 2, what is -100011000000110010101010111 - -1?
-100011000000110010101010110
In base 4, what is 302211003303 - -3?
302211003312
In base 11, what is -46 - 24302?
-24348
In base 7, what is 116402 - -613?
120315
In base 8, what is 4106066 + -102?
4105764
In base 4, what is -122123 - -1031101?
302312
In base 12, what is -245702a18 - 1?
-245702a19
In base 8, what is 16 + -233046?
-233030
In base 16, what is 11c63b6 + -3?
11c63b3
In base 16, what is 7 + 1dc096?
1dc09d
In base 11, what is 164 - -350393?
350547
In base 3, what is -1000 - -22202011202?
22202010202
In base 12, what is 2809 + b3a?
3747
In base 7, what is -24 + 533?
506
In base 14, what is 2c70a - -3ab?
2cab7
In base 12, what is -318b - 1336?
-4505
In base 13, what is -41c + 65a5?
6186
In base 10, what is -4 - 201364001?
-201364005
In base 12, what is -34a30 - 92?
-34b02
In base 13, what is -59 - -488b2?
48856
In base 5, what is 32211322331 + -21?
32211322310
In base 3, what is -12221200 + 112102020?
22110120
In base 15, what is 1 + -2528485?
-2528484
In base 7, what is 52205421 + 1?
52205422
In base 13, what is -ba4a84 - 3?
-ba4a87
In base 6, what is -53 + -13030533?
-13031030
In base 9, what is -683 - 6872?
-7665
In base 2, what is -1000001010010100 - -1110100111?
-111111011101101
In base 14, what is 409b3 - 12c?
40885
In base 13, what is 2a + -70796?
-70769
In base 14, what is 8555da5 - -2?
8555da7
In base 9, what is 1484726 + 130?
1484856
In base 15, what is -3 + -53260?
-53263
In base 15, what is -152 - -2a8b1?
2a75e
In base 8, what is 6645175 - -143?
6645340
In base 4, what is 1013130203323 + -3?
1013130203320
In base 11, what is 189803 - -15?
189818
In base 14, what is 2 - 476286?
-476284
In base 2, what is -1011000111100100001010 + 1001?
-1011000111100100000001
In base 9, what is -10 - -13452783?
13452773
In base 7, what is 444 + -15512553?
-15512106
In base 16, what is 8308d - 17f?
82f0e
In base 3, what is 10 - 20120201110010?
-20120201110000
In base 11, what is 1037 - 13301?
-12275
In base 4, what is 3 + -1301120221002?
-1301120220333
In base 16, what is -8a - 7801?
-788b
In base 6, what is -144121122503 + -5?
-144121122512
In base 11, what is -74660 - -209?
-74452
In base 6, what is 1011 - 30321004?
-30315553
In base 8, what is -750031 + 130?
-747701
In base 8, what is 14 + -1143567?
-1143553
In base 7, what is 4 - 545020012?
-545020005
In base 12, what is -5a302333 + 3?
-5a302330
In base 16, what is 5f2b + -16b6?
4875
In base 9, what is -5572116 + -11?
-5572127
In base 14, what is 474c3b - 31?
474c0a
In base 16, what is 26 + 4b4ea?
4b510
In base 12, what is 590 + 16492?
16a62
In base 13, what is -a0c009a - -3?
-a0c0097
In base 2, what is -1011 - 11010110001011100001110110?
-11010110001011100010000001
In base 13, what is -97 + -1c2909?
-1c29a3
In base 4, what is -32002123 + 10102?
-31332021
In base 13, what is -48 - 34c5116?
-34c5161
In base 9, what is 10 - 34241482?
-34241472
In base 16, what is 41c10ec + 5?
41c10f1
In base 12, what is 2 + 4b08273?
4b08275
In base 9, what is -245748 - 304?
-246153
In base 12, what is 5 + -6a0ab0?
-6a0aa7
In base 12, what is -12 - -bb26?
bb14
In base 13, what is -11 - -83cb90?
83cb7c
In base 4, what is -31123 - -112320230?
112223101
In base 16, what is 24a6757 - -3?
24a675a
In base 9, what is 241 + 21210?
21451
In base 10, what is 1259882 - -44?
1259926
In base 10, what is 3 + 297588?
297591
In base 5, what is -102211 + 130002?
22241
In base 5, what is -21341121000 - -10?
-21341120440
In base 9, what is -15476361 + 13?
-15476347
In base 11, what is 4 - -2464215?
2464219
In base 2, what is 0 - -101011111010101000110101101?
101011111010101000110101101
In base 2, what is 1110010 + -1100110000111110111?
-1100110000110000101
In base 10, what is -81417 + -107?
-81524
In base 8, what is -3072 - -7240?
4146
In base 8, what is 7461360 - -305?
7461665
In base 14, what is 1 - -4135264?
4135265
In base 11, what is -2292 - -12046a?
119188
In base 11, what is 2 - 106a686?
-106a684
In base 10, what is -8 - -934018?
934010
In base 9, what is -486058 - -107?
-485851
In base 10, what is -3039218 + -26?
-3039244
In base 7, what is -64 + 2035556?
2035462
In base 6, what is -21130045 - -52?
-21125553
In base 9, what is 1775654 + 16?
1775671
In base 15, what is 6 - -370cb5?
370cbb
In base 5, what is 2010 + -43232111?
-43230101
In base 8, what is -524 - 2613236?
-2613762
In base 16, what is -16d - -355c?
33ef
In base 4, what is -202232001231 - -3?
-202232001222
In base 14, what is 3a855bc - 2?
3a855ba
In base 10, what is 48 + -294332?
-294284
In base 16, what is 6b61 - 8f?
6ad2
In base 13, what is 25b7 - 116b6?
-c0cc
In base 9, what is -1120 - 20434?
-21554
In base 15, what is 6 + 167e56?
167e5c
In base 4, what is 3110 + -12313003132?
-12313000022
In base 3, what is -10210 + 21201002011?
21200221101
In base 5, what is 34303123 - 1101?
34302022
In base 9, what is -1 + -851178?
-851180
In base 5, what is 3 + -103200303301?
-103200303243
In base 7, what is 155 - 1051041?
-1050553
In base 14, what is 7 - -67d93?
67d9a
In base 13, what is 1a - 79337?
-7931a
In base 5, what is -2 + 23330214124?
23330214122
In base 11, what is -1922705 - 26?
-1922730
In base 15, what is 6a49861 - 2?
6a4985e
In base 9, what is -2 + 272068138?
272068136
In base 9, what is -22468 + 725?
-21643
In base 2, what is 11011111100010100000 + -11011010?
11011111011111000110
In base 4, what is 0 - 10300320102?
-10300320102
In base 16, what is 22 + 61b18?
61b3a
In base 11, what is -183421 - -549?
-182983
In base 15, what is -8b1a79e + 4?
-8b1a79a
In base 8, what is 154156 + -156?
154000
In base 5, what is 132 - -102301122?
102301304
In base 10, what is -18 + 3265796?
3265778
In base 7, what is 203122 + 26?
203151
In base 4, what is -2300 + 3120120031?
3120111131
In base 9, what is 3 + -4545172?
-4545168
In base 2, what is -10100000111001010 + -10011011?
-10100001001100101
In base 10, what is -485804376 - -2?
-485804374
In base 14, what is 5 + 24612a30?
24612a35
In base 14, what is -3c567a + 3?
-3c5677
In base 7, what is 1642 + -6110?
-4135
In base 16, what is -15 - 68573?
-68588
In base 11, what is -358989 + -1077?
-359a55
In base 10, what is 26 + -1199519?
-1199493
In base 13, what is -a8a6b - -44a?
-a8621
In base 11, what is 1a47984a8 + 0?
1a47984a8
In base 11, what is 93 + 151808?
1518a0
In base 9, what is 18278214 - 2?
18278212
In base 5, what is 14032034 - 201?
14031333
In base 2, what is 100110011110100001 + -10101000?
100110011011111001
In base 11, what i